reds digit of 160434033?
0
What is the hundreds digit of 130341096?
0
What is the hundreds digit of 12600693?
6
What is the billions digit of 1336484381?
1
What is the tens digit of 1268877976?
7
What is the ten thousands digit of 49200657?
0
What is the hundred millions digit of 257557134?
2
What is the units digit of 50569786?
6
What is the thousands digit of 67790683?
0
What is the units digit of 4878043293?
3
What is the millions digit of 201099618?
1
What is the hundred thousands digit of 166376877?
3
What is the ten millions digit of 402666518?
0
What is the thousands digit of 334783322?
3
What is the ten thousands digit of 33164344?
6
What is the ten millions digit of 46581917?
4
What is the thousands digit of 174190618?
0
What is the ten millions digit of 254507417?
5
What is the ten millions digit of 836359373?
3
What is the units digit of 77322050?
0
What is the thousands digit of 1244955592?
5
What is the millions digit of 76911391?
6
What is the units digit of 105572609?
9
What is the tens digit of 49489239?
3
What is the ten millions digit of 71519319?
7
What is the hundreds digit of 2864337873?
8
What is the thousands digit of 46431636?
1
What is the units digit of 43948778?
8
What is the units digit of 219900208?
8
What is the millions digit of 1010952556?
0
What is the thousands digit of 50985335?
5
What is the tens digit of 16779048?
4
What is the units digit of 54811777?
7
What is the tens digit of 24771711?
1
What is the hundreds digit of 12514163?
1
What is the ten millions digit of 5027982224?
2
What is the ten millions digit of 283134531?
8
What is the billions digit of 1151006718?
1
What is the tens digit of 4981692836?
3
What is the ten millions digit of 118509023?
1
What is the hundreds digit of 1107407122?
1
What is the units digit of 193649787?
7
What is the millions digit of 2299075052?
9
What is the ten millions digit of 136907105?
3
What is the ten thousands digit of 1115773605?
7
What is the ten thousands digit of 3160046957?
4
What is the hundred millions digit of 5291806842?
2
What is the thousands digit of 306862616?
2
What is the units digit of 208354503?
3
What is the hundred millions digit of 4558492601?
5
What is the hundred thousands digit of 574049556?
0
What is the tens digit of 2964975815?
1
What is the ten millions digit of 11714094?
1
What is the thousands digit of 159986658?
6
What is the hundred thousands digit of 192828478?
8
What is the millions digit of 21981878?
1
What is the units digit of 206538939?
9
What is the ten thousands digit of 2604840666?
4
What is the hundreds digit of 33325716?
7
What is the billions digit of 1181236093?
1
What is the thousands digit of 9492221?
2
What is the millions digit of 78504455?
8
What is the millions digit of 4029647183?
9
What is the billions digit of 8347035319?
8
What is the millions digit of 6067416?
6
What is the ten millions digit of 6288542641?
8
What is the tens digit of 1710088649?
4
What is the ten millions digit of 47357216?
4
What is the millions digit of 238837537?
8
What is the millions digit of 96772167?
6
What is the units digit of 1676335858?
8
What is the ten thousands digit of 42550608?
5
What is the ten millions digit of 29597859?
2
What is the units digit of 127712585?
5
What is the units digit of 539104887?
7
What is the hundred millions digit of 199326367?
1
What is the millions digit of 169190592?
9
What is the millions digit of 5810953532?
0
What is the millions digit of 3564085935?
4
What is the tens digit of 129504935?
3
What is the hundreds digit of 22635383?
3
What is the millions digit of 52131797?
2
What is the hundreds digit of 42285816?
8
What is the hundreds digit of 636665616?
6
What is the hundred thousands digit of 366459413?
4
What is the hundred thousands digit of 16093536?
0
What is the hundreds digit of 36040874?
8
What is the units digit of 16054272?
2
What is the millions digit of 10187492?
0
What is the hundred thousands digit of 162603291?
6
What is the tens digit of 200574823?
2
What is the tens digit of 1016544343?
4
What is the millions digit of 277677223?
7
What is the thousands digit of 2272538597?
8
What is the ten thousands digit of 6742015948?
1
What is the millions digit of 129042758?
9
What is the hundred thousands digit of 3922207583?
2
What is the ten millions digit of 1632431518?
3
What is the billions digit of 4557688904?
4
What is the hundreds digit of 44200126?
1
What is the ten thousands digit of 43752404?
5
What is the ten thousands digit of 169960154?
6
What is the hundred thousands digit of 1323321251?
3
What is the tens digit of 1047690?
9
What is the millions digit of 5168698719?
8
What is the units digit of 4666141891?
1
What is the units digit of 311700302?
2
What is the hundred thousands digit of 217319005?
3
What is the units digit of 37387846?
6
What is the tens digit of 1616509058?
5
What is the hundreds digit of 875045193?
1
What is the ten millions digit of 938195810?
3
What is the hundreds digit of 23761425?
4
What is the millions digit of 607561177?
7
What is the ten thousands digit of 62032473?
3
What is the hundreds digit of 184675120?
1
What is the hundred thousands digit of 33812562?
8
What is the ten thousands digit of 47452773?
5
What is the hundred thousands digit of 892897815?
8
What is the hundred thousands digit of 534183683?
1
What is the thousands digit of 160434541?
4
What is the thousands digit of 923311871?
1
What is the units digit of 8193871?
1
What is the hundred thousands digit of 290864217?
8
What is the thousands digit of 155683880?
3
What is the units digit of 101852788?
8
What is the hundreds digit of 319869610?
6
What is the units digit of 23974779?
9
What is the hundreds digit of 441018174?
1
What is the tens digit of 3465095723?
2
What is the units digit of 47160878?
8
What is the hundreds digit of 40842590?
5
What is the thousands digit of 55790666?
0
What is the hundreds digit of 763101516?
5
What is the thousands digit of 10528225?
8
What is the ten thousands digit of 34462578?
6
What is the thousands digit of 55575847?
5
What is the ten thousands digit of 28559036?
5
What is the thousands digit of 53240603?
0
What is the millions digit of 177301146?
7
What is the billions digit of 2079790619?
2
What is the thousands digit of 48679496?
9
What is the units digit of 231463792?
2
What is the hundreds digit of 224325325?
3
What is the hundreds digit of 130192946?
9
What is the tens digit of 216626436?
3
What is the thousands digit of 970699227?
9
What is the units digit of 5567382644?
4
What is the ten thousands digit of 4689261127?
6
What is the hundreds digit of 210600803?
8
What is the tens digit of 452799591?
9
What is the hundred millions digit of 5680636411?
6
What is the hundred millions digit of 255095976?
2
What is the hundreds digit of 130552342?
3
What is the thousands digit of 192969068?
9
What is the hundreds digit of 166046606?
6
What is the hundred millions digit of 758805708?
7
What is the ten thousands digit of 337969491?
6
What is the hundred thousands digit of 1909648454?
6
What is the hundred thousands digit of 93995560?
9
What is the ten thousands digit of 101234902?
3
What is the tens digit of 477181049?
4
What is the millions digit of 29578918?
9
What is the ten thousands digit of 632158122?
5
What is the hundred thousands digit of 2058092059?
0
What is the units digit of 78931650?
0
What is the thousands digit of 265898233?
8
What is the tens digit of 94609500?
0
What is the millions digit of 7236992?
7
What is the millions digit of 14662472?
4
What is the ten thousands digit of 2736296810?
9
What is the ten millions digit of 127729330?
2
What is the thousands digit of 837106329?
6
What is the ten thousands digit of 52589730?
8
What is the hundred thousands digit of 31143560?
1
What is the billions digit of 5573943122?
5
What is the ten thousands digit of 108507663?
0
What is the hundred thousands digit of 702021181?
0
What is the ten thousands digit of 101902114?
0
What is the millions digit of 1915701935?
5
What is the ten millions digit of 22506230?
2
What is the hundred thousands digit of 14239176?
2
What is the hundred millions digit of 169252370?
1
What is the millions digit of 28873297?
8
What is the thousands digit of 1